et d be x(-3). Calculate the highest common divisor of 15 and d.
5
Let y be 2*2*(-3)/6. Let p be -4*(-96)/3 + y. Suppose 3*g - 68 + 26 = 0. What is the greatest common factor of p and g?
14
Let s(j) = j**3 - 2*j**2 - 5*j + 21. Let w be s(6). Calculate the greatest common factor of w and 54.
27
Let g = 4 - 3. Let z be (-4 + 0)*g/(-2). Suppose -z*v + 170 = -2*b, -5*v + 225 = -2*v + 3*b. Calculate the greatest common divisor of 32 and v.
16
Let j(m) = -3 + 3 + 3*m**2 + m**2 + m - 6. Let g be j(5). Calculate the greatest common factor of g and 11.
11
Let a = 68 + -11. Suppose -3*p = -0*p + a. Let y = 29 + p. Calculate the greatest common divisor of y and 30.
10
Suppose 5*w = -i + 87, -2*i - 6 = -w + 7. What is the greatest common divisor of 17 and w?
17
Suppose 9*c = y + 4*c + 11, 0 = -5*y - 2*c + 26. Suppose 4*f + 0*f = 0. Suppose 5*r + l = 16, f = -l + 5*l + 16. What is the greatest common factor of y and r?
4
Let m(l) = -2 - l + l**2 + 2*l**2 + l**2 - l. Let w be m(3). Let g(u) = 7*u**2. Let f be g(-1). What is the greatest common divisor of w and f?
7
Let d(a) = a**3 + a**2 + 21. Let m be (-2)/2 + -1 + 2. Let u be d(m). Suppose -15*s - 229 + 2749 = 0. Calculate the greatest common divisor of s and u.
21
Let s = -40 - -103. What is the highest common divisor of s and 7?
7
Let z(v) be the first derivative of -v**4/4 - 3*v**3 - v**2 - 12*v - 8. Let r be z(-9). What is the greatest common divisor of 18 and r?
6
Suppose -2*i - 2*a + 25 = -3, 2*a = 2*i - 40. Calculate the highest common factor of 68 and i.
17
Let z = 13 + 0. Let n = z + -2. Let q be (3 + -1)*22/4. Calculate the highest common factor of q and n.
11
Suppose 9*f = 55 + 8. Calculate the highest common factor of 28 and f.
7
Let c(s) = -s - 3. Let z be c(0). Let w(u) = -12*u - 1. Let j be w(z). Let i be 22/3 - 2/6. Calculate the greatest common divisor of j and i.
7
Suppose 4*s = -5*f - s + 40, -3*f + s = -4. Suppose 128 = 3*c + y, f*y + 198 - 54 = 3*c. What is the highest common factor of c and 4?
4
Suppose 2*l + l = 15. Suppose 5*r - 4*r - 131 = -4*j, 706 = l*r + 3*j. What is the greatest common divisor of r and 13?
13
Let w(b) = -b**3 - 13*b**2 + 6*b + 14. Let f be w(-14). Calculate the highest common divisor of f and 14.
14
Suppose -110 = -5*i + 55. Calculate the greatest common factor of 22 and i.
11
Suppose -k = -11 + 1. Suppose 5*m - 3*w - 244 = -w, -5*w = -2*m + 85. Calculate the greatest common factor of m and k.
10
Suppose -5*p - 8 = -5*m + 2, 5*p - 17 = -4*m. What is the greatest common divisor of 7 and p?
1
Suppose 2*q + 5*a - 101 = 0, -4*q + 0*q = -5*a - 187. Let u = q - 28. Calculate the greatest common divisor of 20 and u.
20
Let x be ((-20)/14)/(3/(-21)). What is the highest common divisor of 110 and x?
10
Let q(m) = -2*m + 111. Let s be q(0). Calculate the greatest common factor of 74 and s.
37
Let f be (-2 - -1 - -1)/2 + 45. Suppose -7*l + 25 = -2*l. What is the greatest common divisor of f and l?
5
Let d(b) = 3*b + 1. Let v be d(-2). Let l be (2 - 0)/(v - -6). Suppose 2*s - 158 = 2*y, -l*y - 4 + 8 = 0. Calculate the highest common factor of s and 9.
9
Suppose -3168 = -g - 17*g. Suppose 4*y = -3*o + 73, -3*o + 3 + 6 = 0. What is the highest common divisor of g and y?
16
Suppose 5*u = -k + 197, 5*u + k - 117 = 2*u. Suppose 5*x - 22 = -2. Suppose 6*m - u = x*m. Calculate the greatest common factor of m and 10.
10
Let u(w) = w + 3. Let r be u(0). Let z = -3 + r. Suppose -v = -z - 6. What is the highest common divisor of v and 30?
6
Let d(r) = -r - 1. Suppose -5*q + 16 = 4*g + 44, -3*g - 5*q - 21 = 0. Let a be d(g). Calculate the highest common factor of 12 and a.
6
Let h = 122 - 70. Calculate the highest common factor of h and 13.
13
Let v be (6/(-9) + 0)*15/(-2). Calculate the greatest common factor of v and 1.
1
Let i = 42 + -34. What is the greatest common factor of 32 and i?
8
Let z(o) = o + 3. Let r be z(0). Suppose -j - 72 = -r*j. Suppose -42 + 24 = -2*i. What is the greatest common divisor of i and j?
9
Let i = 18 + -12. Calculate the greatest common divisor of 54 and i.
6
Suppose 0 = 3*o + 3, 2*x - 91 + 6 = -3*o. Calculate the highest common factor of 66 and x.
22
Suppose 0 = -c - 0*c - 5*o + 98, 430 = 5*c - 5*o. Suppose 0 = 2*d, 21 = -2*w + 2*d - 67. Let m be ((-1)/2)/(2/w). What is the greatest common factor of c and m?
11
Let y = 60 - 35. What is the greatest common factor of 10 and y?
5
Let n(b) = -2*b - 6. Let j be n(-4). Suppose 2*h + j*h = 32. Calculate the highest common divisor of 8 and h.
8
Let w be (-3)/(-2 + (-39)/(-24)). What is the highest common divisor of 56 and w?
8
Suppose 0 = 6*w - 9 - 3. Calculate the highest common divisor of w and 10.
2
Let n(y) be the first derivative of 6*y**2 + 3. Suppose 0 = -5*p + 1 + 4. Let r be n(p). Calculate the greatest common divisor of 36 and r.
12
Let j(r) = -8*r + 8. Let y be j(-4). Calculate the highest common divisor of 8 and y.
8
Suppose f - 138 = -4*w, 0 = 3*w + 2*f - 103 + 2. Suppose 0*s = 2*s - 10. Calculate the highest common divisor of w and s.
5
Let m(i) = 6*i - 1. Let j(w) = -w - 5. Let b be j(-6). Let d be m(b). What is the highest common divisor of 55 and d?
5
Let h be (-3)/(-2) + 10/20. Suppose -3*l - 2*v + 0 = -2, h*v = -5*l + 6. What is the highest common divisor of 1 and l?
1
Suppose 5*k + 10 = -4*t, 4*k = 3*t - 7*t - 12. Let h = -1 + k. What is the greatest common divisor of 11 and h?
1
Let y(i) = 2*i**2 - i + 3. Let b be y(3). Let r = 5 + -17. Let z = r + 21. Calculate the greatest common divisor of b and z.
9
Let v = 61 + -36. Let m(q) = 2*q**2 + 4*q + 2. Let h be m(-2). Suppose -2*w - 4*x = -8, -h*w = -0*w + 5*x - 5. What is the greatest common divisor of v and w?
5
Let p be 340/14 - (-2)/(-7). Let b(k) be the third derivative of -k**4/6 - 2*k**3/3 + k**2. Let t be b(-3). What is the highest common divisor of p and t?
8
Let r(z) be the third derivative of 19*z**4/24 + 3*z**2. Let f be r(1). Calculate the highest common divisor of 76 and f.
19
Suppose 4*a - 6*a + 22 = 0. Calculate the greatest common divisor of a and 11.
11
Let k(v) = 2*v - 8. Let w be k(9). Suppose -5 = 3*z + 5*x, 4*z + 55 + w = 5*x. Let d be (-6)/15 + (-24)/z. Calculate the highest common divisor of 16 and d.
2
Suppose -3*c - 4*i + 0*i + 1 = 0, -3*c = -2*i - 31. Suppose -c*s + 2*s - f = -43, s = 4*f + 17. Calculate the greatest common factor of s and 45.
9
Suppose -48 = -v - 2*v. Calculate the highest common divisor of 128 and v.
16
Let r be ((-6)/2 - -1) + 18. Let f(z) = z**2 + 4*z - 3. Let c be f(-5). Suppose r = c*m - 0. What is the highest common divisor of m and 72?
8
Let w be 490/8 - 12/(-16). What is the highest common factor of 31 and w?
31
Suppose 3*l - 3*k + 5*k = 72, -k = 3*l - 75. Let j(q) = 4*q**2 - 7*q. Let b be j(5). Calculate the highest common divisor of l and b.
13
Let l(t) = -t**3 + 4*t**2 + 6*t - 2. Let w be l(5). Suppose -19 = -o + 2*h, o = -2*h + 2 - w. Calculate the highest common factor of 36 and o.
9
Let d be 84/45 - 2/(-15) - -17. Calculate the highest common divisor of d and 38.
19
Suppose 0 = -19*a + 23*a - 320. Calculate the greatest common factor of 20 and a.
20
Suppose 0 = -j - 2*d - 2*d + 17, 2*j - 8 = 5*d. What is the greatest common divisor of j and 45?
9
Let i = -6 - -8. Suppose -g = i*s + g + 2, 2*s - 2*g + 10 = 0. Let b(j) = -4*j - 2. Let u be b(s). What is the greatest common factor of 5 and u?
5
Let a be (-9)/(-7) - (-2)/(-7). Let k be (-13)/(a/(3/3)). Let l = k - -23. Calculate the highest common factor of 70 and l.
10
Suppose 311 = 2*m - 3*w, -5*m - 275 + 1063 = 3*w. Suppose -68 = -3*x + m. Suppose -a + 6*a - x = 0. Calculate the highest common divisor of a and 120.
15
Suppose 14*z - 11*z = 30. What is the greatest common factor of z and 80?
10
Suppose 4*m - 16 = 16. Suppose -8 = -2*x - 2. Suppose 27 - 123 = -x*h. Calculate the highest common divisor of m and h.
8
Let n be ((-3)/(-1))/((-1)/(-2)). Suppose 0 = -3*p - 2*p + 10. Suppose 5*m - 90 = -3*y, m + m = -p*y + 36. What is the greatest common divisor of m and n?
6
Let x(r) = 8*r. Suppose 0 = -3*y - 0*b + 3*b, 4*y - 2 = 3*b. Let h be x(y). Suppose 0 = 5*c - 165 + 45. What is the highest common divisor of h and c?
8
Suppose -3*g - 9 - 33 = -3*w, -4*g = -2*w + 34. Suppose 41 + 150 = 2*n + 3*r, -3*n + 4*r + 244 = 0. What is the hig